*y + 229. Calculate the remainder when n is divided by 15.
13
Calculate the remainder when 58 is divided by (22 - (2 + 1)) + 1.
18
Let k be ((-4)/(-10))/(1/(-5)). Let t = 13 + k. Let g(y) = y**3 - 5*y**2 + 6*y + 1. What is the remainder when g(5) is divided by t?
9
Let h(p) be the third derivative of p**4/24 + 4*p**3/3 - 5*p**2. Calculate the remainder when 23 is divided by h(5).
10
Let g = -132 + 202. Suppose 5*q = 4*m + g, 0*m + 3*m = -q + 33. Let l = 24 - 14. Calculate the remainder when q is divided by l.
8
Suppose h - x + 71 = 0, 3*h + 4*x + 60 = -139. Let a = h + 105. What is the remainder when a is divided by 13?
10
Suppose -7 = -4*l - 23. Let f = 8 + l. Suppose -f*x + 9 = o, 2*x + 13 = 3*o - 0*o. Calculate the remainder when 14 is divided by o.
4
Suppose 0*c = 2*c - 5*w - 43, 4*w + 56 = 4*c. Let k(m) = -7*m**2 + 48*m + 24. Calculate the remainder when k(7) is divided by c.
8
Let r be -4 - -5 - 6/1. What is the remainder when 45 is divided by 7 + 1 - (r + 1)?
9
Suppose 0 = -3*h + 33 + 9. Let f be ((-6)/2*1)/1. What is the remainder when -2 + h + (-3)/f is divided by 5?
3
Suppose -43 = -2*o + 31. Let v = 3 - -2. Suppose v*q = 14 + 51. Calculate the remainder when o is divided by q.
11
Suppose 5*d + 4*x = 203, -3*d - 40 = 3*x - 160. Let a be (-3)/(2*(-6)/(-16)). Calculate the remainder when d is divided by (7 + a)*(-22)/(-6).
10
Let t = -4 + 12. Let o(z) = t - z**3 - 5*z + z + 0*z**3 - 5 + 4*z**2. Calculate the remainder when 8 is divided by o(2).
2
Let h(m) = -m**3 + m**2. Let c be h(-1). Suppose -c*y = -52 - 52. Calculate the remainder when y is divided by 18.
16
Suppose c - 3 = 5. What is the remainder when 14 is divided by c?
6
Let u = 77 - 70. What is the remainder when 73 is divided by u?
3
Suppose r + 4*r - 20 = 0. Let v be (0 + 3)/(6/r). Suppose -v*f + 52 = 2*f. Calculate the remainder when f is divided by 5.
3
Suppose 8*k = 4*b + 3*k - 53, 88 = 5*b + k. Calculate the remainder when 31 is divided by b.
14
Suppose -g - 10 = -2*m + 4*m, 4*g = 2*m + 10. Let i(q) = 16*q + 0 + g. What is the remainder when 46 is divided by i(1)?
14
Let v = 2 + 29. Calculate the remainder when v is divided by 16.
15
Suppose 3*o + n - 38 = 0, -2*n = -4*o + 16 + 38. What is the remainder when 62 is divided by o?
10
Let v(z) = z**3 + 6*z**2 - 10*z - 18. What is the remainder when v(-5) is divided by 20?
17
Let s(j) = j**2 + 9*j + 6. Let k be s(-9). Let y be (2/k)/((-2)/(-18)). Suppose -4 = -p + y. What is the remainder when 26 is divided by p?
5
Let a(k) = -k**2 + 10*k - 7. Let h = 9 + -1. Let c be a(h). What is the remainder when 7 is divided by c*((-5)/3 - -2)?
1
Let m = 2 - -23. Calculate the remainder when m is divided by 16.
9
Suppose 2*q = 5*q - 24. Let p = q - 3. Let s = 1 + 2. What is the remainder when p is divided by s?
2
Let t(p) = p**3 - 10*p**2 + 5*p - 1. What is the remainder when t(10) is divided by 14?
7
Suppose -s = -2*s + 3*q + 37, 3 = -s - 5*q. What is the remainder when 108 is divided by s?
20
Let k(s) = -s**3 + s**2 + s - 2. Let a(n) = 6*n + 5. Calculate the remainder when a(4) is divided by k(-2).
5
Let y be (2/(-3))/(1/(-3)). Suppose y*l + 6 = 0, -4*o = 2*l - 7*l - 59. Let n = 86 - 54. What is the remainder when n is divided by o?
10
Suppose 2*v + 2*v - 352 = 0. Suppose 4*p = 4*r + v, p = 7 - 5. Let b = r + 29. What is the remainder when 24 is divided by b?
6
Suppose -11 = -s + 2*u - u, -2*s = -3*u - 19. Calculate the remainder when 1/(1 + 80/(-82)) is divided by s.
13
Suppose -5*n - 5*i + 5 = 0, 0 = 4*i + 16. Suppose 181 + 197 = 21*j. Calculate the remainder when j is divided by n.
3
Suppose -8*p + 3*p + 100 = 0. Let h = -5 + 13. Calculate the remainder when p is divided by h.
4
Let z(o) = o**3 - 6*o**2 - 7*o + 18. Calculate the remainder when z(8) is divided by 19.
14
Suppose 3*b = b - 5*i + 105, 4*i - 54 = -b. Calculate the remainder when b is divided by 15/1*1 + 2.
16
Let p = -3 - -24. What is the remainder when p is divided by 8?
5
Let j = -8 - -20. Suppose 9*h - 3*g = 4*h + 13, -2*g + 8 = 0. Calculate the remainder when j is divided by h.
2
Let b = 4 + -5. What is the remainder when 10 is divided by (-9 + 6)/(b/2)?
4
Suppose -4*f = 2*t - 140, -f + 6 - 2 = 0. What is the remainder when t is divided by 13?
10
Let u = 7 + -3. Suppose -l - 19 = -u*a, -3*a = 2*a + 4*l - 29. Suppose 0 = v + v - 8. What is the remainder when a is divided by v?
1
Let f be 40/60*(-99)/(-2). What is the remainder when f/((-2)/((-16)/12)) is divided by (-220)/(-18) + 4/(-18)?
10
Let z(l) = 7*l**2. Calculate the remainder when 12 is divided by z(1).
5
Suppose c - 11 = 43. What is the remainder when c is divided by 14?
12
Let w(x) = -2*x - 3. Let s be (-5)/(-2)*(-5 + 3). Let n = 142 - 115. What is the remainder when n is divided by w(s)?
6
Let z be (-3 + 1 - 0)*2. Let v = z + 4. Suppose -50 = -2*r - v*r. Calculate the remainder when r is divided by 13.
12
Let z = 36 + -19. Suppose -28 = -v - 3*s, -z = 2*v + 5*s - 77. Suppose v + 12 = 2*x. Calculate the remainder when x is divided by 9.
8
Let v(s) = -s + 13. Let h(t) = 2*t**2 + t**2 - 4*t + t**2 - 2*t**2 - 6. Calculate the remainder when h(5) is divided by v(0).
11
Suppose v + 2*v + 440 = 4*h, -5*v = 4*h - 408. Calculate the remainder when h is divided by 9.
8
Suppose 2*r + 7 = -13. Calculate the remainder when ((-5)/r)/(2/132) is divided by 12.
9
Suppose -114 + 48 = -6*r. What is the remainder when r is divided by 7?
4
Let i(s) = 9*s**2 - 2*s + 1. Let y be (-45)/(-18) + (-2)/4. Calculate the remainder when i(y) is divided by 18.
15
Let l(n) = 3*n + 1. What is the remainder when l(6) is divided by 11?
8
Suppose 13 = 2*k - k. Let t(j) = -63*j**3 + j**2 - j - 1. Calculate the remainder when t(-1) is divided by k.
12
Suppose 3 = -3*y + 12. What is the remainder when y is divided by 1?
0
Let t = -34 + 132. Calculate the remainder when t is divided by 34.
30
Suppose 0 = 3*f - 3*l + 2*l - 20, -5*l = -5. Calculate the remainder when 68 is divided by f.
5
Suppose 110 = -5*q - 2*u, -2*u - 115 = 5*q + u. Let c = q + 7. Let j = c - -25. What is the remainder when 23 is divided by j?
11
Suppose -3*v - 2*v = -15, -2*q - 2 = -4*v. What is the remainder when -1*2*(-10 - -3) is divided by q?
4
Let w(j) = 50*j**2 + 1. What is the remainder when w(-1) is divided by 26?
25
Let u(x) = x**3 - 10*x**2 + 12*x - 8. Let t be u(8). Suppose d - 2*d - 3 = 0. Calculate the remainder when 15 is divided by t/15*d*1.
7
Let t = 62 + -48. Let v(m) = m + 1. Let y(f) = -16*f - 14. Let c(l) = -12*v(l) - y(l). Calculate the remainder when c(6) is divided by t.
12
Let v(p) = -12*p**3 - 2*p**2 - p + 1. What is the remainder when 41 is divided by v(-1)?
5
Let o(h) = 16*h - 14. Let m(u) = 8*u - 7. Let v(j) = -13*m(j) + 6*o(j). Let q be v(-6). Let w = q + -11. Calculate the remainder when w is divided by 15.
14
Let d be ((-22)/6)/(3/(-36)). Let r = d + -7. Calculate the remainder when r is divided by (-12 + -1)/(1*-1).
11
Let v(r) = r**3 - r**2 - 1. Calculate the remainder when 8 is divided by v(2).
2
Let w(s) = 2*s + 15. What is the remainder when w(6) is divided by 14?
13
Suppose 0*y + y - 7 = 0. Calculate the remainder when -4 - (-44)/(-6)*-3 is divided by y.
4
Let k = 10 + -3. Let r = -5 + k. Calculate the remainder when r/6*(0 + 63) is divided by 11.
10
Calculate the remainder when (49 - 1) + 4 + 3 + -4 is divided by 13.
12
Let j = -5 - -13. Calculate the remainder when 30 is divided by j.
6
Suppose -2*g = -2*k + 2, 14 = 4*k + 2*g - g. Let v be k + -1 + 4 + -3. Suppose -v*w = -8*w + 150. What is the remainder when w is divided by 11?
8
Suppose 51 = u - 0*u. Let j = u + -33. What is the remainder when 34 is divided by j?
16
Let f = 10 - 2. Calculate the remainder when 29 is divided by f.
5
Let m = -12 - -20. Let r(c) be the third derivative of -2*c**4/3 - c**3/3 - 8*c**2. What is the remainder when r(-1) is divided by m?
6
Let b(z) = 127*z. What is the remainder when b(1) is divided by 13?
10
Let h(t) = -t**3 + 2*t**2 + 3*t + 2. Let w be h(3). Suppose -5*u = 4*o - 112, 0 = 2*u + w*u. Calculate the remainder when o is divided by 10.
8
Let i = 32 - 13. Calculate the remainder when 55 is divided by i.
17
Suppose -2*u - w = -6 - 7, 4*w = 4*u - 56. Let j(o) = -o**2 + 2*o - 2. Let b be j(2). What is the remainder when b/(-6)*4*12 is divided by u?
